3 - 62*c**2 + 145*c + 1104. Calculate r(-64).
16
Let c(x) = 8*x**2 + 255*x - 762. Determine c(3).
75
Let c(h) = h**3 - 13*h**2 + 7*h + 58. Calculate c(14).
352
Let i(y) = 2*y**3 - 48*y**2 + 124*y - 18. What is i(21)?
-60
Let m(g) = -521*g + 3640. Calculate m(7).
-7
Let p(f) = -8*f**2 - 667*f - 181. Determine p(-83).
68
Let a(l) = 61*l + 8648. Determine a(-143).
-75
Let f(n) = -3*n**2 + 80*n + 170. Give f(-2).
-2
Let y(b) = -b**3 - 2*b**2 + 136*b - 326. Give y(9).
7
Let t(n) = -2*n**2 - 14*n + 16. What is t(2)?
-20
Let z(x) = -8*x**3 + 4*x**2 - 61*x + 164. What is z(3)?
-199
Let o(h) = h**3 + 84*h**2 - 93*h - 648. Calculate o(-85).
32
Let i(f) = 3*f**2 + 11*f + 10. Calculate i(-2).
0
Let o(t) = -2*t**3 + 23*t**2 + 8*t - 22. What is o(12)?
-70
Let d(z) = 122*z**2 - 2439*z - 28. Give d(20).
-8
Let s(j) = -21*j**2 + 73*j - 229. Give s(3).
-199
Let p(f) = 18*f + 26. Give p(-4).
-46
Let j(p) = 9*p - 524. What is j(59)?
7
Let y(b) = b**3 + 10*b**2 - 35*b - 65. What is y(-13)?
-117
Let c(o) = -o**3 + 24*o**2 + 5*o - 56. Calculate c(24).
64
Let a(u) = 2*u**2 + 91*u + 699. Calculate a(-28).
-281
Let w(q) = -4*q**3 + 186*q**2 + 94*q + 72. Calculate w(47).
72
Let n(g) = g**2 - 24*g - 2161. Give n(60).
-1
Let m(n) = -n**3 + 20*n**2 - 145*n + 2376. Calculate m(19).
-18
Let o(r) = -21*r - 70. Determine o(-3).
-7
Let g(q) = q**2 + 16*q - 747. What is g(-35)?
-82
Let j(b) = -17*b + 838. Calculate j(50).
-12
Let q(y) = 7*y**3 + 105*y**2 - 4*y - 31. What is q(-15)?
29
Let f(v) = -5*v**2 + 47*v - 8. What is f(0)?
-8
Let d(t) = 166*t**2 - 999*t + 6. Give d(6).
-12
Let g(b) = -2536*b - 50717. Give g(-20).
3
Let b(j) = 2*j**2 + 80*j + 670. Give b(-29).
32
Let k(b) = 65*b + 100. Give k(-2).
-30
Let y(z) = -z**3 - 5*z**2 + 3*z + 13. Give y(-3).
-14
Let n(g) = g**3 - 14*g**2 + 2*g + 7. Give n(14).
35
Let z(p) = -p**2 - 19*p + 122. What is z(5)?
2
Let q(v) = 20*v**2 + 10*v - 19. What is q(3)?
191
Let k(b) = b**3 + 36*b**2 + 162*b + 5825. Determine k(-36).
-7
Let o(c) = 2*c**2 - 22*c + 46. What is o(8)?
-2
Let g(a) = a**3 + 117*a**2 - 367*a - 865. Give g(-120).
-25
Let m(y) = 108*y**2 - 313*y - 37. Give m(3).
-4
Let g(h) = 235*h + 2710. Determine g(-11).
125
Let u(w) = -3*w**2 - 11*w + 46. Determine u(-10).
-144
Let s(c) = c**2 - 10*c - 7. Give s(0).
-7
Let h(a) = -130*a + 338. Give h(9).
-832
Let v(k) = 96*k**2 + 1149*k - 7. Give v(-12).
29
Let j(m) = -m**2 + 33*m - 31. Calculate j(30).
59
Let d(z) = 3*z**2 - 90*z + 139. What is d(31)?
232
Let u(q) = q**2 - 53*q + 476. Calculate u(12).
-16
Let u(b) = -6*b**2 - 632*b - 208. What is u(-105)?
2
Let y(u) = -5*u**2 + 124*u + 446. Determine y(28).
-2
Let g(j) = -j**2 + 109*j + 1068. Determine g(-9).
6
Let n(m) = 29*m + 26. Calculate n(-11).
-293
Let d(c) = -15*c - 967. Determine d(-67).
38
Let c(u) = -62*u**2 - 39*u + 39. Calculate c(1).
-62
Let z(k) = -k**3 - 145*k**2 + 41*k + 26620. What is z(-144)?
-20
Let p(s) = 77*s - 40. Give p(-4).
-348
Let b(w) = -w**3 + 10*w**2 - 8*w + 70. Determine b(10).
-10
Let t(v) = -15*v**3 - 3077*v**2 - 411*v - 210. What is t(-205)?
-5
Let o(n) = 94*n**2 + 345*n - 619. Calculate o(-5).
6
Let m(n) = 1023*n - 6136. Determine m(6).
2
Let n(w) = -507*w - 2244. Determine n(-5).
291
Let u(m) = m**2 - 99*m - 2014. What is u(116)?
-42
Let r(a) = -7*a**2 + 93*a - 80. What is r(20)?
-1020
Let m(k) = -12*k**2 + 30*k - 2. Give m(2).
10
Let t(x) = -2*x - 88. Give t(-64).
40
Let q(m) = 2*m**3 + 18*m**2 - 144*m - 53. Give q(-14).
3
Let o(q) = q + 429. Give o(-9).
420
Let d(x) = x**3 + 27*x**2 - 464*x - 12868. What is d(-25)?
-18
Let g(s) = -3*s**3 - 45*s**2 + 201*s + 3407. Give g(-14).
5
Let b(v) = v**3 - 10*v**2 + 11*v + 13. What is b(8)?
-27
Let s(n) = -281*n**2 + 3647*n + 73. Give s(13).
-5
Let c(n) = n**3 + 62*n**2 - 19*n - 1184. Determine c(-62).
-6
Let a(w) = -335*w - 2368. Determine a(-7).
-23
Let i(m) = m**3 - 50*m**2 - 54*m + 157. Give i(51).
4
Let l(u) = -u**3 + 30*u**2 + 247*u - 38. Give l(-7).
46
Let q(o) = 11*o + 96. Calculate q(-11).
-25
Let h(y) = -y**2 + 52*y - 455. What is h(10)?
-35
Let k(j) = j**3 + 30*j**2 - 17*j - 206. Give k(-29).
1128
Let t(s) = -s**3 - 3*s**2 - 4*s - 209. What is t(-11)?
803
Let i(g) = -24*g + 869. Give i(51).
-355
Let u(i) = -56*i**3 + 2*i**2 - 44*i + 44. Give u(1).
-54
Let f(m) = -9*m**3 - 11*m**2 + 7*m + 2. Calculate f(1).
-11
Let r(z) = 69*z - 3519. Calculate r(51).
0
Let a(n) = -61*n**2 + 312*n - 1. Give a(5).
34
Let z(h) = -364*h - 32764. Determine z(-90).
-4
Let h(r) = r + 44. What is h(5)?
49
Let d(t) = -t**3 + 12*t**2 + 59*t - 108. Calculate d(15).
102
Let l(u) = -u**3 - 8*u**2 - 14*u - 44. Give l(-7).
5
Let x(a) = 112*a + 12515. Determine x(-112).
-29
Let p(z) = 255*z**2 - 5104*z + 73. Calculate p(20).
-7
Let s(z) = -734*z - 84393. What is s(-115)?
17
Let i(n) = 5*n + 150. Determine i(15).
225
Let l(m) = -6*m**2 + 123*m - 1066. What is l(10)?
-436
Let o(f) = 46*f - 1089. Give o(25).
61
Let n(r) = r**3 - 29*r**2 - 33*r + 181. What is n(30)?
91
Let m(q) = -q**2 - 48*q + 1277. Give m(-62).
409
Let a(w) = 5*w + 12. Give a(0).
12
Let n(b) = -3*b**2 + 45*b + 299. Determine n(20).
-1
Let v(r) = 108*r + 1324. Calculate v(-10).
244
Let l(m) = m**3 - 11*m**2 + 19*m - 7. Give l(9).
2
Let n(z) = 512*z - 10761. Calculate n(21).
-9
Let t(a) = 79*a - 1295. Calculate t(18).
127
Let o(w) = w**3 - 35*w**2 + 59*w + 235. Determine o(33).
4
Let k(t) = -2*t**3 + 5*t**2 - 21*t + 5. Give k(3).
-67
Let p(c) = c**2 - 225*c + 1727. Give p(8).
-9
Let d(n) = -15*n + 735. What is d(49)?
0
Let l(x) = 2*x + 75. What is l(-35)?
5
Let c(h) = 5*h**2 - 110*h - 123. Determine c(23).
-8
Let t(n) = -n**3 - 5*n**2 - 6*n - 22. Determine t(-5).
8
Let m(l) = 184*l - 188. Give m(1).
-4
Let q(j) = 57*j + 1067. Determine q(-18).
41
Let q(o) = -o**2 - 57*o - 606. Give q(-12).
-66
Let j(x) = 2169*x - 15211. What is j(7)?
-28
Let w(d) = -d**2 - 48*d - 536. What is w(-29)?
15
Let m(q) = -22*q**3 - q - 6. What is m(2)?
-184
Let y(d) = -56*d + 487. Determine y(10).
-73
Let y(z) = z**2 + 283*z - 12575. Calculate y(39).
-17
Let z(m) = 2*m**2 - 69*m + 106. What is z(33)?
7
Let k(x) = 35*x - 1230. Calculate k(35).
-5
Let t(d) = 12*d - 238. Determine t(35).
182
Let b(r) = -27*r**2 - 1117*r - 390. Give b(-41).
20
Let b(r) = -11*r - 99. Give b(-21).
132
Let f(k) = -4*k**2 + k + 13. What is f(-2)?
-5
Let p(c) = -167*c + 8676. Give p(52).
-8
Let w(f) = -3*f**3 + 174*f**2 + 3*f - 163. Determine w(58).
11
Let j(r) = -r**3 - 31*r**2 - 63*r + 21. What is j(-29)?
166
Let v(o) = 2*o**2 - 487*o - 5053. What is v(-10)?
17
Let o(p) = -p**2 - 7*p + 3057. Determine o(-59).
-11
Let g(z) = 352*z - 2820. Determine g(8).
-4
Let b(n) = 3*n**3 - 62*n**2 + 276*n - 1510. What is b(17)?
3
Let q(l) = -2*l**3 + 440*l**2 + 2253*l - 11. What is q(-5)?
-26
Let g(a) = 2*a**3 + 2*a**2 + 20*a - 4. Calculate g(0).
-4
Let y(v) = -10347*v + 144870. Calculate y(14).
12
Let c(v) = -58*v**3 - 5*v**2 - 6*v - 2. Determine c(-1).
57
Let u(x) = 5*x**2 - 82*x - 1028. Determine u(-12).
676
Let y(u) = 2*u**3 + 11*u**2 + 191*u + 1368. Determine y(-7).
-116
Let l(x) = -1039*x + 36388. Give l(35).
23
Let c(d) = d**3 + 27*d**2 + 33*d + 170. What is c(-26)?
-12
Let x(k) = -463*k + 4172. What is x(9)?
5
Let f(w) = 58*w + 47. Calculate f(-1).
-11
Let x(p) = -231*p + 7424. Determine x(32).
32
Let q(w) = w - 30. Calculate q(58).
28
Let t(c) = 37*c - 648. What is t(17)?
-19
Let x(b) = b**3 - 23*b**2 - 31*b + 48. What is x(24)?
-120
Let l(f) = -996*f - 154374. Calculate l(-155).
6
Let w(g) = -43*g - 652. What is w(-9)?
-265
Let p(l) = -l**3 + 29*l**2 + 30*l + 923. Determine p(31).
-69
Let i(v) = -28*v + 94. Give i(5).
-46
Let a(g) = -g**2 + 96*g + 6728. Determine a(-47).
7
Let x(d) = -d**3 - 4*d**2 - 27*d - 99. Give x(-4).
9
Let u(o) = o**2 + 59*o + 742. Determine u(-36).
-86
Let s(b) = -886*b + 48728. Calculate s(55).
-2
Let d(o) = o**3 + 32*o**2 + 249*o + 18. Give d(-12).
-90
Let s(v) = -3*v**2 + 732*v - 1464. What is s(2)?
-12
Let h(v) = v**3 - 30*v**2 + 125*v + 83. Give h(25).
83
Let t(s) = 4*s**2 + 96*s + 569. Calculate t(-10).
9
Let o(r) = -r**2 + 35*r + 267. What is o(43)?
-77
Let t(w) = w**2 + w - 9. Calculate t(0).
-9
Let n(r) = -r**3 - 86*r**2 - 329*r - 44. Determine n(-82).
38
Let h(p) = -27*p - 11. Give h(-5).
124
Let y(j) = -201*j - 1992. Determine y(